1).
-5
Let s(g) = 86*g + 1617. Let w be s(-19). Let c(p) = -p**3 - 16*p**2 + 17*p + 18. Determine c(w).
18
Let h(c) = 8*c + 1. Let t(f) = 33*f + 5. Let l(u) = 9*h(u) - 2*t(u). Suppose 60 - 64 = -2*k. Let q be k/(-3 - (-3 + -2)). Calculate l(q).
5
Let r(f) = f**3 - 8*f**2 + 7*f + 3. Let i be (46/3 - 0) + (-14)/42. Let n be 5 + i/3 + (-3 - 0). Determine r(n).
3
Let d(j) = 9*j - 15. Let v(z) = 27*z - 42. Let b(l) = 8*d(l) - 3*v(l). Let q(m) = -2*m - 1. Let n(g) = b(g) - 4*q(g). What is n(9)?
1
Let m(v) = v**2 + 6*v + 9. Let y be (-4)/(-3) - (-18)/27. Let z(q) = -q**2 - 7*q - 8. Let h(o) = y*m(o) + 3*z(o). What is h(-7)?
8
Let u(n) = -n**3 + n**2 - 8*n - 5. Let m = -43 + 50. Let p(b) = b**2 - m*b + b**3 + 13 + 0*b**3 - 17 - 3*b**3. Let k(y) = 6*p(y) - 5*u(y). What is k(1)?
-7
Suppose 9*y + 108 + 81 = 0. Let j be y/7*(-1)/(3/5). Let b(d) = d. Give b(j).
5
Let m(c) = 2*c - 26. Let t(n) = -3*n + 40. Let u(d) = 11*m(d) + 7*t(d). Calculate u(10).
4
Let l(b) be the first derivative of 5*b**2/2 - 43*b + 4012. Determine l(13).
22
Let c(l) be the first derivative of l**4/4 - 2*l**3 - 7*l**2/2 + 10*l + 251. Calculate c(6).
-32
Let o(k) = -11*k**3 - 9*k**2 + 27. Let r(m) = -5*m**3 - 4*m**2 + 11. Let x(i) = -3*o(i) + 7*r(i). What is x(2)?
-24
Let z(y) = -y**2 + 6*y - 2. Let v be z(5). Let d be ((1 - 3) + 1)/(1 + 0) + 13. Let l(s) = 4*s**3 + v*s - 3*s**3 - 5*s**2 + d*s + 4 - 13*s. What is l(3)?
-8
Let p(t) = -5*t + 2*t + 320 - 2*t - 654 + 302. Calculate p(-6).
-2
Let k be 20/(4/(-7 - -9)). Suppose k*f - 8 = 12. Let a(o) = -o**2 - o + 1. Calculate a(f).
-5
Let d(s) = s - 17. Suppose 4*l - 288*y = -284*y - 20, 3*y = l + 19. Determine d(l).
-15
Let w(t) = 261 + 3*t + 257 + 266 - 792. Determine w(-6).
-26
Let z(m) = -m**2 - 4*m + 1. Suppose 6*y = 416 + 334. Suppose -127*t - 8 = -y*t. Determine z(t).
1
Let r(c) = -10*c - 3*c**2 + 11*c + c**2 - 22. Let w be r(5). Let m = w - -64. Let i(y) = -3*y - 2. What is i(m)?
7
Suppose 0*u = 2*u + 6. Suppose 2*h - 4*h = 5*j - 10, 2*h = 3*j - 6. Let p(d) = 2*d - 4*d - 2 + 3*d**j - 1205*d**3 + 1207*d**3. Give p(u).
-23
Let w(n) = -19*n - 131. Let h(r) = -76*r - 525. Let k(j) = 4*h(j) - 17*w(j). Determine k(-7).
-6
Let w = -779 - -792. Suppose 5*q = -4*j - 0 - 1, j + w = 3*q. Let v(u) = u**3 - 4*u**2 + 5*u - 3. Calculate v(q).
3
Let p(a) = a. Suppose 2*q + 118 = 6*i - 8*i, 2*q = 5*i + 267. Suppose 2*o = -0*j - 2*j - 112, 5*o + 52 = -j. Let w = i - j. Give p(w).
2
Let f(b) = -4*b + 3*b + 14 - b. Suppose w - 4482*c = -4485*c + 16, -2*c - 36 = -4*w. Give f(w).
-6
Let m(y) be the third derivative of 25*y - 2*y**2 + 0 + 7/6*y**3 + 1/8*y**4. Give m(5).
22
Let t be (-18)/(-30) - 3/5. Let k(y) = -y**3 + 2 + t*y**3 - y + 2*y + 0*y**3. Suppose -128*j - 45*j = 346. Determine k(j).
8
Suppose 9*c - 4*c = 225. Let o = -38 + c. Let x(a) = 4*a - o + 13 + 4. Give x(-7).
-18
Let l(b) = 4*b + 13. Let z be l(-9). Let g = z - -43. Suppose 2*h - 10 = -g. Let r(m) = m**3 + 6*m**2 + 7*m + 3. Give r(h).
-7
Let h(y) = y. Let n be (-3)/(-5) + (-36)/(-15). Let x be h(n). Suppose -16 = 4*d + x*c + 4, -4*d - 2*c - 20 = 0. Let p(b) = b**2 + 6*b + 7. Determine p(d).
2
Let j(d) = -d**2 + 4*d - 3. Suppose 8*f = 30 - 62. Let k be f/10 + 128/20. What is j(k)?
-15
Suppose 45*j + 18 = 48*j, j = 4*q - 10. Let g(u) be the first derivative of -34 - q*u - 1/2*u**2. Give g(-8).
4
Let k be -15 + ((-4)/8)/((-4)/(-48)) + 12. Let q(v) = v**2 - 12*v - 191. Determine q(k).
-2
Let y(o) = -2*o**2 - 4*o - 2. Let l = -1405 + 1401. Determine y(l).
-18
Let k(w) = w**2 - 6*w + 7. Let z = -7239 - -7251. What is k(z)?
79
Let k(r) be the first derivative of -47*r**3 - 2*r + 2*r**2 + 11 - 3*r**2 + 48*r**3. Give k(-1).
3
Suppose 15 = 6*y - 9*y. Let a = y + 7. Let m(z) = 7*z - 3*z + z**a - 5*z. Calculate m(-3).
12
Let q(s) = -3*s + 36. Let r = -15256 + 15271. Determine q(r).
-9
Let p(x) = 3*x**2 + 4*x - 7. Let n(b) = -8*b**2 - 12*b + 18. Suppose 2*m + 4*r + 14 = 48, -4*m = -2*r - 38. Let y(h) = m*p(h) + 4*n(h). Determine y(-2).
7
Let y(p) = -3*p + 27. Let t(g) = -22*g + 92. Let a(b) = t(b) - 3*y(b). Determine a(4).
-41
Let o = 897 + -887. Let z(h) = o - 9 - 8 - 2*h + 0. Suppose 4*k + 29 + 3 = 0. Give z(k).
9
Let c(t) = -4*t + 2. Let f be c(-2). Let g(z) be the first derivative of 10*z - 1/2*z**2 + 197. Determine g(f).
0
Let j(v) be the first derivative of -27*v**2/2 - 134*v - 10651. Calculate j(-5).
1
Let h = -5398 + 5400. Let g(b) = 22*b - 46. Give g(h).
-2
Let c = 2117 + -2107. Let s(t) = t**2 - 14*t + 7. Calculate s(c).
-33
Let r be (-4)/2 - (7 + -14). Suppose 11*b = r*b. Let w(c) = 0 + c + 3 + 0*c. Determine w(b).
3
Let s(n) = 68*n + 13. Let g(f) = -20*f - 1. Let t(h) = 2*g(h) + s(h). Give t(-2).
-45
Let r(o) = -o**3 + o + 7. Let p be r(0). Let q(u) be the second derivative of -u**3/6 + 9*u**2/2 + 3*u + 36. Determine q(p).
2
Let h(k) = 11*k + 93. Let r(w) = 23*w + 185. Let b(z) = 7*h(z) - 4*r(z). Let i be b(-6). Let x(f) = -8*f + 4. What is x(i)?
-4
Let v(m) = -19*m + 463. Let n(f) = -36*f + 919. Let x(a) = -2*n(a) + 5*v(a). Calculate x(21).
-6
Let g(r) = r**2 - r - 5. Let x = -62 - -47. Let k be x/(-25) + (-2)/(-5). Let c be -6*k + (5 - 2) - 2. Determine g(c).
25
Let y(h) = 7*h + 61. Let o(n) = -13*n - 126. Let d(u) = 6*o(u) + 11*y(u). Determine d(-9).
-76
Let u(p) = -p**3 + 4*p**2 + 5*p - 4. Let o(q) = -q**2 + 9*q - 6. Let f(v) = -v + 17. Let w be f(8). Let b be o(w). Let g be (30/4 - 6)*(-20)/b. What is u(g)?
-4
Let g(u) = -14*u**3 + 2*u**2 - 2. Suppose -6 = -2*q + 2*k + 8, -2*q = -4*k - 30. Give g(q).
14
Suppose 38*q + 93 = -211. Let z(j) = 5*j - 5*j - 12 - j + 3. What is z(q)?
-1
Let u(t) = -t**3 + 4*t**2 - 5*t + 6. Let z(g) = -17*g - 63. Let n be z(-31). Let b = -461 + n. What is u(b)?
0
Let m(r) = -2*r**2 + r - 1. Let c(g) = -3*g + 2. Let w be c(-8). Suppose -w = 4*p - 2. Let o be 2/(-6)*p - 1. Give m(o).
-2
Let r(p) = p**3 + 2*p**2 + 3*p - 2. Let s(q) be the second derivative of -q**3/3 - q**2/2 + 23*q. Let f(v) = -r(v) - 2*s(v). Suppose -7 = 5*w + 8. Give f(w).
10
Let b = -29 + 34. Suppose f - 5*u - 12 = 0, -2 = 3*f - b*f - u. Let t(q) = 8 + 7 + 4*q - 9 - q**2 + f*q**2. Calculate t(-4).
6
Let y be ((-4 - -6) + 0)/(2/(-5)). Let k = -121 + 131. Let b(a) = 8*a**2 + 11*a**3 - 3 - 3*a**2 - k*a**3. Calculate b(y).
-3
Suppose 0 = 5*a - 3*a - 6. Suppose 2*i + o = 0, -6*i - a*o - 2 = -i. Let m(y) be the second derivative of -5*y**3/6 + 18*y. Calculate m(i).
-10
Let l(o) = o**3 - 2*o**2 + o - 16. Let d be (-5 + 5)*3/15. Give l(d).
-16
Let b(y) = -y**3 + 7*y**2 - 6*y - 1. Let n be (68/(-8) - -9) + 26/(-4). Let p(g) = 2*g**3 + 14*g**2 + 9*g - 11. Let m be p(n). Calculate b(m).
-43
Let l(j) = -2*j**2 - 17*j - 175. Let c(i) = 4*i**2 + 33*i + 301. Let f(o) = 4*c(o) + 7*l(o). Calculate f(-9).
24
Let p = -613 + 636. Let w(f) = -f**3 + 22*f**2 + 26*f - 45. Determine w(p).
24
Let v(w) = -w**3 - 7*w**2 - 2*w + 27. Let k be v(-6). Let i be ((-1)/k)/((-1)/3). Let y(b) = 9*b**3 + b**2 - 1. Determine y(i).
9
Let k(c) = 3*c + 16. Let l(a) = -a - 5. Let z be (0 - 435/10)/((-9)/(-24)). Let g = 113 + z. Let r(s) = g*k(s) - 8*l(s). Calculate r(-8).
0
Let y(l) = -2*l + 1. Let i be (472/531)/((-6)/27). Calculate y(i).
9
Let n(t) = 44*t**2 - 197*t**2 + 7*t + 5 + 51*t**2 - t**3 + 51*t**2 + 45*t**2. Calculate n(4).
-127
Suppose -112 - 105 = -53*p - 111. Let z(s) be the third derivative of 5/6*s**3 + 0*s + 0 - 14*s**p + 1/8*s**4. What is z(-6)?
-13
Let y be (-290 - -293)/(-1 - (-2)/4). Let n(p) = -4*p + 15. Calculate n(y).
39
Suppose -27*d + 97 = 16. Let y(g) = 3*g**3 - 8*g**2 - 8*g + 16. What is y(d)?
1
Let b(c) = 3*c**3 - 68*c**2 - 24*c + 65. Let t(u) = 2*u**3 - 45*u**2 - 15*u + 43. Let r(o) = -5*b(o) + 8*t(o). Calculate r(20).
19
Let a(h) = 168*h - 4*h**2 + h**2 + h**3 - 338*h - 3*h**2 + 175*h - 7. Let s be (-32)/(-6) - (-5)/(-15). Calculate a(s).
-7
Let h(n) = -82*n**2 + 11*n + 2. Let g(w) = 2*w**2 - 3*w. Let b(l) = -4*g(l) - h(l). Determine b(1).
73
Let v(g) be the first derivative of 6*g**2 + 5*g - 9363. Give v(2).
29
Let f(k) = 4*k - 2. Let x(c) be the first derivative of -2*c**2 + c + 1. Suppose 235 = -130*r - 105*r. Let z be x(r). What is f(z)?
18
Let l(h) be the first derivative of h**6/120 + h**5/15 - h**4/8 + h**3/6 + 26*h**2 - 16. Let v(t) be the second derivative of l(t). What is v(-4)?
13
Let 